b
In base 3, what is 11021011 + 11222211?
100020222
In base 7, what is 0 + 4461445656?
4461445656
In base 7, what is 322432462 + 5?
322432500
In base 4, what is 31220300310 + -3?
31220300301
In base 16, what is 1 - 1b12725?
-1b12724
In base 2, what is 1 + -100001010111000100011?
-100001010111000100010
In base 15, what is -e - 117abeb?
-117ac0a
In base 3, what is 1102010020010 - 2022?
1102010010211
In base 5, what is -1132310 + 2112?
-1130143
In base 7, what is -1212326040 - -3?
-1212326034
In base 16, what is -155d25 - -32?
-155cf3
In base 7, what is -5 - 303122541?
-303122546
In base 13, what is -3 + -129a34?
-129a37
In base 16, what is -172aa + -26e?
-17518
In base 11, what is -9509210 + 6?
-9509205
In base 16, what is -5 - 4781e6?
-4781eb
In base 5, what is -2 + -11222421102?
-11222421104
In base 13, what is -4856546 - -4?
-4856542
In base 16, what is 8aef7 + 2b?
8af22
In base 2, what is 10110000100111011110 - -11100010?
10110000101011000000
In base 13, what is -277a + -4b03?
-7580
In base 2, what is 100011010100110101000 + -111?
100011010100110100001
In base 3, what is -2201021 + 1102220002?
1100011211
In base 15, what is 16e - -34cb?
364a
In base 9, what is 4 - -117021?
117025
In base 10, what is -8510 - 279?
-8789
In base 7, what is -31555 - -156060?
124202
In base 13, what is -409427 - 16?
-409440
In base 11, what is 84 + 13a1620?
13a16a4
In base 13, what is 4 + -93ac7?
-93ac3
In base 8, what is 13 - -443747?
443762
In base 14, what is -54 + -109274?
-1092c8
In base 14, what is -3d + 4b9c9c?
4b9c5d
In base 4, what is 13310213 - 120002?
13130211
In base 16, what is -7d21e + e5?
-7d139
In base 12, what is 16655 + -116?
1653b
In base 16, what is -f + 80a008?
809ff9
In base 15, what is cbe098b - -3?
cbe098e
In base 13, what is -69cb4 + -1?
-69cb5
In base 7, what is -24 - 146351555?
-146351612
In base 7, what is 124340620 + -16?
124340601
In base 3, what is 210221 - -120110120110?
120111101101
In base 12, what is 35b - 45a6?
-4247
In base 4, what is -23003 + -213310232?
-213333301
In base 13, what is c + -a9776?
-a9767
In base 6, what is -20153430 + 2534?
-20150452
In base 6, what is -41215 + 3410?
-33405
In base 15, what is -7b5a + -238?
-7d93
In base 11, what is -272 - -20372a?
203468
In base 2, what is 10001010111110011111001110 + -10010?
10001010111110011110111100
In base 14, what is -5 + b57d8b?
b57d86
In base 3, what is 201121021 - -20202?
201212000
In base 14, what is 8c350d + 7?
8c3516
In base 9, what is 51324 + 3377?
54712
In base 11, what is -6 - 62028a7?
-6202902
In base 11, what is 4 - 8478893?
-847888a
In base 11, what is 2 + -1671248?
-1671246
In base 3, what is 1000002 - -12201022?
20201101
In base 16, what is 1b + 2fa95?
2fab0
In base 4, what is -2321030302112 + 1?
-2321030302111
In base 5, what is 10241334022244 + 0?
10241334022244
In base 14, what is 1 + 1835698?
1835699
In base 4, what is -3 - -13232303003222?
13232303003213
In base 10, what is -2 - 94210778?
-94210780
In base 11, what is 215 + 4629a?
46504
In base 3, what is -1000010010 - -20?
-1000002220
In base 4, what is 110331131 - 1223311?
103101220
In base 16, what is -9 + 480ad15?
480ad0c
In base 8, what is 716 - -566226?
567144
In base 4, what is -200333 + 102233?
-32100
In base 10, what is -18078990 + -16?
-18079006
In base 11, what is 9746 - 3521?
6225
In base 7, what is 161150 + -5565?
152252
In base 7, what is 12 - 10124106?
-10124064
In base 11, what is 211a52 - 172?
211890
In base 12, what is -585 - 10759?
-11122
In base 11, what is a13764 - 54a?
a13215
In base 7, what is 5 - -34436055?
34436063
In base 10, what is 93240 - -3420?
96660
In base 11, what is 122 - 597093?
-596a71
In base 14, what is 411661 - -12?
411673
In base 5, what is 102 - -20214041?
20214143
In base 11, what is -166249 + 10a?
-16613a
In base 2, what is 10011110111010 + 111?
10011111000001
In base 13, what is 34 + 78b50?
78b84
In base 2, what is 101001001101101010 + 1000101111001?
101010010011100011
In base 13, what is -777221 + -7?
-777228
In base 9, what is 63 + 155816?
155880
In base 9, what is -161775 - 47?
-161833
In base 16, what is -4655d4 - -4f?
-465585
In base 13, what is 10 - b024a8a?
-b024a7a
In base 5, what is 4202 - 203243143?
-203233441
In base 9, what is -313608 + -1258?
-314867
In base 12, what is -30a31 - 49?
-30a7a
In base 11, what is 33 - -2178680?
2178703
In base 6, what is -11 + -3020034132?
-3020034143
In base 7, what is -126006 - -226?
-125450
In base 16, what is -70028 + -61d?
-70645
In base 15, what is c7 + c2e4?
c3bb
In base 8, what is 11070602 - -5?
11070607
In base 6, what is -1 - -1532002113?
1532002112
In base 16, what is -88 - 632c?
-63b4
In base 14, what is 8d + -67d4?
-6745
In base 13, what is -199816 - -181?
-199665
In base 16, what is -10580 - -97?
-104e9
In base 11, what is -4636528 + -2?
-463652a
In base 7, what is 5 + 6316053?
6316061
In base 16, what is -2 + 32623e?
32623c
In base 4, what is 10131012132 - -200?
10131012332
In base 2, what is 10 + 1110110010001001100111111001?
1110110010001001100111111011
In base 8, what is -1243046 + 10?
-1243036
In base 12, what is -5 + -26b5812?
-26b5817
In base 3, what is -11 - 10221122101010001?
-10221122101010012
In base 6, what is 12210245 - -431?
12211120
In base 8, what is -125371 - 457?
-126050
In base 12, what is 11845 - 997?
10a6a
In base 4, what is 31 - 32213021102?
-32213021011
In base 13, what is -6423 + 279?
-6177
In base 8, what is -1423730076 - 5?
-1423730103
In base 14, what is 5 - -ccab5a?
ccab61
In base 14, what is -79241a9 - 4?
-79241ad
In base 11, what is -2 - 68374a2?
-68374a4
In base 5, what is 230 - -13343000?
13343230
In base 11, what is 98a - 645?
345
In base 15, what is 1 + -446938?
-446937
In base 11, what is -5 + 19572714?
1957270a
In base 10, what is -51015 + -1?
-51016
In base 3, what is -10 - 112011020022220201?
-112011020022220211
In base 5, what is -1203332342 - 24?
-1203332421
In base 9, what is 8578 + -2374?
6204
In base 3, what is -20 - 12001012112111?
-12001012112201
In base 2, what is 1011 + 100001001011100110101?
100001001011101000000
In base 6, what is 3 + -22325410?
-22325403
In base 7, what is -1243 - 1302?
-2545
In base 3, what is 21211 - -20101221?
20200202
In base 13, what is -324 + -293164?
-293488
In base 14, what is -211a145 + 8?
-211a13b
In base 5, what is -44024 - 302302?
-401331
In base 13, what is -3c244b26 - -2?
-3c244b24
In base 7, what is 30 + 344605242?
344605302
In base 6, what is 3033315 + -15222?
3014053
In base 12, what is -128b2bb1 + -1?
-128b2bb2
In base 16, what is -d959f4 + -3?
-d959f7
In base 8, what is -3540011 + -303?
-3540314
In base 12, what is 9004 - -16a9?
a6b1
In base 13, what is -6 - -348233c?
3482336
In base 3, what is 211 - -2222222102121?
2222222110102
In base 16, what is -a25d + 26d?
-9ff0
In base 8, what is -2454401 + -4647?
-2461250
In base 10, what is 169 + -30315?
-30146
In base 7, what is -166 - -21510?
21311
In base 8, what is 24463 - 2207?
22254
In base 3, what is 201 + 1110200220?
1110201121
In base 11, what is -889a9 - -640?
-88369
In base 10, what is -97 + 946090?
945993
In base 16, what is 480 - -1faa?
242a
In base 5, what is 1202 - -104221200?
104222402
In base 13, what is 2 - -606b35?
606b37
In base 16, what is 13767d + -16?
137667
In base 7, what is 2 - -13261414?
13261416
In base 13, what is c71440 - -196?
c71606
In base 5, what is -203412324 + -3102?
-203420431
In base 7, what is 3 + 145331420?
145331423
In base 15, what is -1845e - 6d0c?
-2026b
In base 2, what is 1 + -110011011001000001111000?
-110011011001000001110111
In base 15, what is -539743 - 6?
-539749
In base 4, what is -1012233 + -1012231?
-2031130
In base 13, what is -437 - -8141?
7a07
In base 12, what is aa08 - 10b?
a8b9
In base 16, what is 1b4b - -12a6?
2df1
In base 12, what is 306 + 5606?
5910
In base 13, what is 4 - 13b70476?
-13b70472
In base 7, what is 10231 + 22234?
32465
In base 14, what is -3 + -62641?
-62644
In base 5, what is 201 - 103140340?
-103140134
In base 7, what is 11 + 11366401?
11366412
In base 3, what is 121222122220202 - 11?
121222122220121
In base 5, what is 34203 + 42214?
131422
In base 7, what is 3023 + 253506?
256532
In base 5, what is 1 - 141101131401?
-141101131400
In base 3, what is 12101 - 20111201022221?
-20111201010120
In base 